 divided by 69?
41
What is the remainder when 2602 is divided by 867?
1
Calculate the remainder when 702 is divided by 27.
0
Calculate the remainder when 4022 is divided by 1336.
14
What is the remainder when 1139 is divided by 29?
8
What is the remainder when 1042 is divided by 18?
16
Calculate the remainder when 1561 is divided by 46.
43
What is the remainder when 1752 is divided by 117?
114
What is the remainder when 691 is divided by 141?
127
Calculate the remainder when 291 is divided by 114.
63
What is the remainder when 685 is divided by 98?
97
Calculate the remainder when 11 is divided by 1.
0
Calculate the remainder when 111 is divided by 25.
11
Calculate the remainder when 61 is divided by 4.
1
Calculate the remainder when 260 is divided by 64.
4
Calculate the remainder when 728 is divided by 81.
80
What is the remainder when 223 is divided by 68?
19
What is the remainder when 451 is divided by 144?
19
Calculate the remainder when 2668 is divided by 6.
4
Calculate the remainder when 311 is divided by 80.
71
What is the remainder when 139 is divided by 66?
7
What is the remainder when 164 is divided by 40?
4
What is the remainder when 1483 is divided by 15?
13
Calculate the remainder when 161 is divided by 51.
8
Calculate the remainder when 445 is divided by 113.
106
What is the remainder when 4048 is divided by 2017?
14
Calculate the remainder when 542 is divided by 118.
70
What is the remainder when 305 is divided by 233?
72
What is the remainder when 124 is divided by 32?
28
Calculate the remainder when 146 is divided by 64.
18
Calculate the remainder when 7 is divided by 2.
1
Calculate the remainder when 76 is divided by 18.
4
What is the remainder when 329 is divided by 55?
54
What is the remainder when 733 is divided by 15?
13
Calculate the remainder when 377 is divided by 42.
41
What is the remainder when 2584 is divided by 6?
4
Calculate the remainder when 441 is divided by 111.
108
What is the remainder when 11 is divided by 9?
2
What is the remainder when 115 is divided by 39?
37
Calculate the remainder when 730 is divided by 15.
10
Calculate the remainder when 867 is divided by 192.
99
Calculate the remainder when 188 is divided by 35.
13
Calculate the remainder when 166 is divided by 8.
6
What is the remainder when 227 is divided by 46?
43
Calculate the remainder when 11336 is divided by 90.
86
Calculate the remainder when 670 is divided by 22.
10
Calculate the remainder when 3794 is divided by 69.
68
Calculate the remainder when 24 is divided by 9.
6
Calculate the remainder when 119 is divided by 25.
19
Calculate the remainder when 5044 is divided by 29.
27
Calculate the remainder when 686 is divided by 56.
14
Calculate the remainder when 302 is divided by 150.
2
What is the remainder when 522 is divided by 173?
3
What is the remainder when 1677 is divided by 42?
39
What is the remainder when 158 is divided by 57?
44
Calculate the remainder when 1754 is divided by 22.
16
What is the remainder when 165 is divided by 85?
80
What is the remainder when 548 is divided by 536?
12
Calculate the remainder when 124 is divided by 3.
1
What is the remainder when 489 is divided by 29?
25
What is the remainder when 150 is divided by 17?
14
Calculate the remainder when 2340 is divided by 36.
0
Calculate the remainder when 170 is divided by 74.
22
Calculate the remainder when 99 is divided by 34.
31
What is the remainder when 3959 is divided by 12?
11
What is the remainder when 203 is divided by 17?
16
What is the remainder when 1401 is divided by 168?
57
What is the remainder when 82 is divided by 17?
14
Calculate the remainder when 1467 is divided by 13.
11
Calculate the remainder when 2653 is divided by 9.
7
Calculate the remainder when 2325 is divided by 256.
21
Calculate the remainder when 471 is divided by 17.
12
What is the remainder when 1423 is divided by 506?
411
Calculate the remainder when 2096 is divided by 194.
156
What is the remainder when 303 is divided by 34?
31
Calculate the remainder when 2026 is divided by 671.
13
Calculate the remainder when 365 is divided by 15.
5
Calculate the remainder when 325 is divided by 61.
20
What is the remainder when 677 is divided by 20?
17
Calculate the remainder when 6876 is divided by 86.
82
What is the remainder when 268 is divided by 22?
4
Calculate the remainder when 298 is divided by 77.
67
Calculate the remainder when 10786 is divided by 93.
91
Calculate the remainder when 359 is divided by 39.
8
What is the remainder when 157 is divided by 67?
23
Calculate the remainder when 389 is divided by 11.
4
What is the remainder when 151 is divided by 41?
28
What is the remainder when 65 is divided by 11?
10
What is the remainder when 342 is divided by 118?
106
What is the remainder when 307 is divided by 5?
2
Calculate the remainder when 89 is divided by 34.
21
Calculate the remainder when 204 is divided by 41.
40
Calculate the remainder when 158 is divided by 90.
68
What is the remainder when 121 is divided by 53?
15
What is the remainder when 251 is divided by 63?
62
What is the remainder when 747 is divided by 252?
243
What is the remainder when 208 is divided by 20?
8
Calculate the remainder when 71 is divided by 64.
7
Calculate the remainder when 829 is divided by 210.
199
Calculate the remainder when 292 is divided by 283.
9
Calculate the remainder when 31412 is divided by 462.
458
What is the remainder when 20063 is divided by 88?
87
Calculate the remainder when 656 is divided by 14.
12
Calculate the remainder when 80 is divided by 62.
18
What is the remainder when 411 is divided by 46?
43
What is the remainder when 680 is divided by 76?
72
What is the remainder when 4190 is divided by 21?
11
What is the remainder when 170 is divided by 59?
52
What is the remainder when 4081 is divided by 100?
81
Calculate the remainder when 11745 is divided by 52.
45
Calculate the remainder when 64 is divided by 50.
14
What is the remainder when 497 is divided by 6?
5
Calculate the remainder when 461 is divided by 94.
85
Calculate the remainder when 1374 is divided by 62.
10
Calculate the remainder when 93 is divided by 48.
45
Calculate the remainder when 65 is divided by 20.
5
What is the remainder when 103 is divided by 54?
49
What is the remainder when 55 is divided by 7?
6
Calculate the remainder when 1281 is divided by 212.
9
Calculate the remainder when 77 is divided by 21.
14
What is the remainder when 2826 is divided by 63?
54
What is the remainder when 1428 is divided by 476?
0
What is the remainder when 458 is divided by 42?
38
What is the remainder when 465 is divided by 69?
51
What is the remainder when 1031 is divided by 9?
5
Calculate the remainder when 1092 is divided by 221.
208
What is the remainder when 843 is divided by 94?
91
What is the remainder when 97 is divided by 11?
9
What is the remainder when 5386 is divided by 17?
14
What is the remainder when 270 is divided by 225?
45
Calculate the remainder when 265 is divided by 123.
19
What is the remainder when 218 is divided by 65?
23
Calculate the remainder when 850 is divided by 61.
57
Calculate the remainder when 2031 is divided by 27.
6
Calculate the remainder when 89 is divided by 35.
19
Calculate the remainder when 198 is divided by 34.
28
Calculate the remainder when 45 is divided by 32.
13
What is the remainder when 231 is divided by 40?
31
What is the remainder when 200 is divided by 48?
8
Calculate the remainder when 1448 is divided by 23.
22
What is the remainder when 278 is divided by 19?
12
What is the remainder when 1353 is divided by 268?
13
What is the remainder when 493 is divided by 83?
78
Calculate the remainder when 2648 is divided by 25.
23
What is the remainder when 64 is divided by 21?
1
What is the remainder when 286 is divided by 17?
14
What is the remainder when 5662 is divided by 48?
46
Calculate the remainder when 555 is divided by 197.
161
What is the remainder when 308 is divided by 63?
56
Calculate the remainder when 121 is divided by 66.
55
What is the remainder when 999 is divided by 91?
89
Calculate the remainder when 2798 is divided by 401.
392
Calculate the remainder when 721 is divided by 50.
21
What is the remainder when 7587 is divided by 20?
7
Calculate the remainder when 868 is di